{"id":115,"date":"2025-10-23T19:37:12","date_gmt":"2025-10-23T19:37:12","guid":{"rendered":"https:\/\/zumacafe.fr\/?page_id=115"},"modified":"2025-10-24T09:18:27","modified_gmt":"2025-10-24T09:18:27","slug":"nos-lattes","status":"publish","type":"page","link":"https:\/\/zumacafe.fr\/?page_id=115","title":{"rendered":"Nos Latt\u00e9s"},"content":{"rendered":"\n<div class=\"wp-block-cover alignfull\" style=\"min-height:720px;aspect-ratio:unset;\"><span aria-hidden=\"true\" class=\"wp-block-cover__background has-background-dim-100 has-background-dim\"><\/span><div class=\"wp-block-cover__inner-container is-layout-flow wp-block-cover-is-layout-flow\">\n<div class=\"inherit-container-width wp-block-group alignwide is-layout-constrained wp-block-group-is-layout-constrained\">\n<div class=\"wp-block-media-text alignwide has-media-on-the-right is-stacked-on-mobile is-vertically-aligned-center\" style=\"grid-template-columns:auto 42%\"><div class=\"wp-block-media-text__content\">\n<h1 class=\"wp-block-heading has-text-align-left has-white-color has-text-color\">Nos Latt\u00e9s Signature&#8230;<\/h1>\n\n\n\n<p>Chez <strong>Z\u00fcma Caf\u00e9<\/strong>, chaque latte est une invitation au voyage.<br>Inspir\u00e9s des quatre coins du monde, nos m\u00e9langes allient couleurs, saveurs et bienfaits naturels.<br>Des superfoods rares, des ingr\u00e9dients biologiques, une touche d\u2019audace, pour des boissons \u00e0 la fois belles, saines et vibrantes.<\/p>\n\n\n\n<p><strong>Bio, color\u00e9s et bienfaisants<\/strong>, nos lattes sont pens\u00e9s pour nourrir le corps, \u00e9veiller les sens et offrir un instant de douceur consciente.<br>Chaque tasse est une exp\u00e9rience, une pause, un voyage sign\u00e9 <strong>Z\u00fcma Caf\u00e9<\/strong>.<\/p>\n\n\n\n<figure class=\"wp-block-image alignleft size-full is-resized\"><img loading=\"lazy\" decoding=\"async\" width=\"325\" height=\"143\" src=\"https:\/\/zumacafe.fr\/wp-content\/uploads\/2025\/10\/image-10.png\" alt=\"\" class=\"wp-image-131\" style=\"width:190px;height:auto\" srcset=\"https:\/\/zumacafe.fr\/wp-content\/uploads\/2025\/10\/image-10.png 325w, https:\/\/zumacafe.fr\/wp-content\/uploads\/2025\/10\/image-10-300x132.png 300w\" sizes=\"auto, (max-width: 325px) 100vw, 325px\" \/><\/figure>\n<\/div><figure class=\"wp-block-media-text__media\"><img loading=\"lazy\" decoding=\"async\" width=\"1024\" height=\"949\" src=\"http:\/\/zumacafe.fr\/wp-content\/uploads\/2025\/10\/image-5-1024x949.png\" alt=\"\" class=\"wp-image-122 size-full\" srcset=\"https:\/\/zumacafe.fr\/wp-content\/uploads\/2025\/10\/image-5-1024x949.png 1024w, https:\/\/zumacafe.fr\/wp-content\/uploads\/2025\/10\/image-5-300x278.png 300w, https:\/\/zumacafe.fr\/wp-content\/uploads\/2025\/10\/image-5-768x712.png 768w, https:\/\/zumacafe.fr\/wp-content\/uploads\/2025\/10\/image-5.png 1053w\" sizes=\"auto, (max-width: 1024px) 100vw, 1024px\" \/><\/figure><\/div>\n<\/div>\n\n\n\n<div class=\"wp-block-columns is-layout-flex wp-container-core-columns-is-layout-28f84493 wp-block-columns-is-layout-flex\">\n<div class=\"wp-block-column is-layout-flow wp-block-column-is-layout-flow\">\n<figure class=\"wp-block-image size-full\"><img loading=\"lazy\" decoding=\"async\" width=\"532\" height=\"222\" src=\"https:\/\/zumacafe.fr\/wp-content\/uploads\/2025\/10\/image.png\" alt=\"\" class=\"wp-image-117\" srcset=\"https:\/\/zumacafe.fr\/wp-content\/uploads\/2025\/10\/image.png 532w, https:\/\/zumacafe.fr\/wp-content\/uploads\/2025\/10\/image-300x125.png 300w\" sizes=\"auto, (max-width: 532px) 100vw, 532px\" \/><\/figure>\n\n\n\n<p>\ud83d\udc9c <strong>Ube violet &amp; Vanille Bourbon de Madagascar<\/strong><\/p>\n\n\n\n<p>Une alliance douce et envo\u00fbtante entre la rondeur de la vanille Bourbon et la subtilit\u00e9 sucr\u00e9e de l\u2019ube violet, joyau des \u00eeles tropicales.<\/p>\n\n\n\n<figure class=\"wp-block-image size-full\"><img loading=\"lazy\" decoding=\"async\" width=\"556\" height=\"227\" src=\"https:\/\/zumacafe.fr\/wp-content\/uploads\/2025\/10\/image-2.png\" alt=\"\" class=\"wp-image-119\" srcset=\"https:\/\/zumacafe.fr\/wp-content\/uploads\/2025\/10\/image-2.png 556w, https:\/\/zumacafe.fr\/wp-content\/uploads\/2025\/10\/image-2-300x122.png 300w\" sizes=\"auto, (max-width: 556px) 100vw, 556px\" \/><\/figure>\n\n\n\n<p>\ud83d\udc9a <strong>Matcha premium &amp; Moringa<\/strong><\/p>\n\n\n\n<p>Un mariage entre le matcha japonais et le moringa tropical, pour \u00e9veiller l\u2019esprit, renforcer le corps et harmoniser les sens.<\/p>\n\n\n\n<figure class=\"wp-block-image size-full\"><img loading=\"lazy\" decoding=\"async\" width=\"537\" height=\"211\" src=\"https:\/\/zumacafe.fr\/wp-content\/uploads\/2025\/10\/image-3.png\" alt=\"\" class=\"wp-image-120\" srcset=\"https:\/\/zumacafe.fr\/wp-content\/uploads\/2025\/10\/image-3.png 537w, https:\/\/zumacafe.fr\/wp-content\/uploads\/2025\/10\/image-3-300x118.png 300w\" sizes=\"auto, (max-width: 537px) 100vw, 537px\" \/><\/figure>\n\n\n\n<p>\u2615 <strong>M\u00e9lange d\u2019\u00e9pices &amp; Th\u00e9 noir<\/strong><\/p>\n\n\n\n<p>Un rituel r\u00e9confortant venu d\u2019Inde, o\u00f9 les \u00e9pices chaudes et le th\u00e9 noir s\u2019unissent pour apporter \u00e9nergie, chaleur et apaisement.<\/p>\n\n\n\n<figure class=\"wp-block-image size-full\"><img loading=\"lazy\" decoding=\"async\" width=\"553\" height=\"206\" src=\"https:\/\/zumacafe.fr\/wp-content\/uploads\/2025\/10\/image-4.png\" alt=\"\" class=\"wp-image-121\" srcset=\"https:\/\/zumacafe.fr\/wp-content\/uploads\/2025\/10\/image-4.png 553w, https:\/\/zumacafe.fr\/wp-content\/uploads\/2025\/10\/image-4-300x112.png 300w\" sizes=\"auto, (max-width: 553px) 100vw, 553px\" \/><\/figure>\n\n\n\n<p>\u2728 <strong>Gingembre &amp; M\u00e9lange d\u2019\u00e9pices<\/strong><\/p>\n\n\n\n<p>Le soleil dans une tasse : un latte dor\u00e9 aux vertus anti-inflammatoires et r\u00e9confortantes, entre douceur et vitalit\u00e9.<\/p>\n<\/div>\n\n\n\n<div class=\"wp-block-column is-layout-flow wp-block-column-is-layout-flow\">\n<figure class=\"wp-block-image size-full\"><img loading=\"lazy\" decoding=\"async\" width=\"546\" height=\"208\" src=\"https:\/\/zumacafe.fr\/wp-content\/uploads\/2025\/10\/image-6.png\" alt=\"\" class=\"wp-image-123\" srcset=\"https:\/\/zumacafe.fr\/wp-content\/uploads\/2025\/10\/image-6.png 546w, https:\/\/zumacafe.fr\/wp-content\/uploads\/2025\/10\/image-6-300x114.png 300w\" sizes=\"auto, (max-width: 546px) 100vw, 546px\" \/><\/figure>\n\n\n\n<p>\ud83d\udc99 <strong>Spiruline bleue, Noix de coco &amp; Sumac sauvage<\/strong><\/p>\n\n\n\n<p>Une vague d\u2019\u00e9nergie et de fra\u00eecheur : la spiruline bleue des oc\u00e9ans rencontre la douceur de la coco et la vivacit\u00e9 du sumac.<\/p>\n\n\n\n<figure class=\"wp-block-image size-full\"><img loading=\"lazy\" decoding=\"async\" width=\"561\" height=\"201\" src=\"https:\/\/zumacafe.fr\/wp-content\/uploads\/2025\/10\/image-7.png\" alt=\"\" class=\"wp-image-124\" srcset=\"https:\/\/zumacafe.fr\/wp-content\/uploads\/2025\/10\/image-7.png 561w, https:\/\/zumacafe.fr\/wp-content\/uploads\/2025\/10\/image-7-300x107.png 300w\" sizes=\"auto, (max-width: 561px) 100vw, 561px\" \/><\/figure>\n\n\n\n<p>\ud83d\udda4 <strong>S\u00e9same noir &amp; Charbon v\u00e9g\u00e9tal actif<\/strong><\/p>\n\n\n\n<p>Profond et \u00e9l\u00e9gant, un latte min\u00e9ral et purifiant qui m\u00eale l\u2019intensit\u00e9 du s\u00e9same noir \u00e0 la l\u00e9g\u00e8ret\u00e9 d\u00e9tox du charbon actif.<\/p>\n\n\n\n<figure class=\"wp-block-image size-full\"><img loading=\"lazy\" decoding=\"async\" width=\"535\" height=\"208\" src=\"https:\/\/zumacafe.fr\/wp-content\/uploads\/2025\/10\/image-8.png\" alt=\"\" class=\"wp-image-125\" srcset=\"https:\/\/zumacafe.fr\/wp-content\/uploads\/2025\/10\/image-8.png 535w, https:\/\/zumacafe.fr\/wp-content\/uploads\/2025\/10\/image-8-300x117.png 300w\" sizes=\"auto, (max-width: 535px) 100vw, 535px\" \/><\/figure>\n\n\n\n<p>\ud83c\udf38 <strong>Betterave &amp; Cacao<\/strong><\/p>\n\n\n\n<p>Un latte gourmand et \u00e9quilibr\u00e9 o\u00f9 la douceur naturelle de la betterave rencontre la richesse du cacao pour nourrir le corps et l\u2019\u00e2me.<\/p>\n\n\n\n<figure class=\"wp-block-image size-full\"><img loading=\"lazy\" decoding=\"async\" width=\"551\" height=\"217\" src=\"https:\/\/zumacafe.fr\/wp-content\/uploads\/2025\/10\/image-9.png\" alt=\"\" class=\"wp-image-126\" srcset=\"https:\/\/zumacafe.fr\/wp-content\/uploads\/2025\/10\/image-9.png 551w, https:\/\/zumacafe.fr\/wp-content\/uploads\/2025\/10\/image-9-300x118.png 300w\" sizes=\"auto, (max-width: 551px) 100vw, 551px\" \/><\/figure>\n\n\n\n<p>\ud83c\udf6b <strong>Cacao cru du P\u00e9rou<\/strong><\/p>\n\n\n\n<p>Un plaisir brut et r\u00e9confortant, aux notes profondes et naturelles, riche en magn\u00e9sium et en \u00e9nergie positive.<\/p>\n\n\n\n<p><br><\/p>\n<\/div>\n<\/div>\n\n\n\n<p class=\"has-text-align-center\"><\/p>\n<\/div><\/div>\n","protected":false},"excerpt":{"rendered":"","protected":false},"author":1,"featured_media":0,"parent":0,"menu_order":0,"comment_status":"closed","ping_status":"closed","template":"","meta":{"site-sidebar-layout":"no-sidebar","site-content-layout":"plain-container","ast-site-content-layout":"default","site-content-style":"default","site-sidebar-style":"default","ast-global-header-display":"","ast-banner-title-visibility":"","ast-main-header-display":"","ast-hfb-above-header-display":"","ast-hfb-below-header-display":"","ast-hfb-mobile-header-display":"","site-post-title":"disabled","ast-breadcrumbs-content":"","ast-featured-img":"","footer-sml-layout":"","theme-transparent-header-meta":"enabled","adv-header-id-meta":"","stick-header-meta":"","header-above-stick-meta":"","header-main-stick-meta":"","header-below-stick-meta":"","astra-migrate-meta-layouts":"default","ast-page-background-enabled":"default","ast-page-background-meta":{"desktop":{"background-color":"var(--ast-global-color-5)","background-image":"","background-repeat":"repeat","background-position":"center center","background-size":"auto","background-attachment":"scroll","background-type":"","background-media":"","overlay-type":"","overlay-color":"","overlay-opacity":"","overlay-gradient":""},"tablet":{"background-color":"","background-image":"","background-repeat":"repeat","background-position":"center center","background-size":"auto","background-attachment":"scroll","background-type":"","background-media":"","overlay-type":"","overlay-color":"","overlay-opacity":"","overlay-gradient":""},"mobile":{"background-color":"","background-image":"","background-repeat":"repeat","background-position":"center center","background-size":"auto","background-attachment":"scroll","background-type":"","background-media":"","overlay-type":"","overlay-color":"","overlay-opacity":"","overlay-gradient":""}},"ast-content-background-meta":{"desktop":{"background-color":"var(--ast-global-color-4)","background-image":"","background-repeat":"repeat","background-position":"center center","background-size":"auto","background-attachment":"scroll","background-type":"","background-media":"","overlay-type":"","overlay-color":"","overlay-opacity":"","overlay-gradient":""},"tablet":{"background-color":"var(--ast-global-color-4)","background-image":"","background-repeat":"repeat","background-position":"center center","background-size":"auto","background-attachment":"scroll","background-type":"","background-media":"","overlay-type":"","overlay-color":"","overlay-opacity":"","overlay-gradient":""},"mobile":{"background-color":"var(--ast-global-color-4)","background-image":"","background-repeat":"repeat","background-position":"center center","background-size":"auto","background-attachment":"scroll","background-type":"","background-media":"","overlay-type":"","overlay-color":"","overlay-opacity":"","overlay-gradient":""}},"footnotes":""},"class_list":["post-115","page","type-page","status-publish","hentry"],"_links":{"self":[{"href":"https:\/\/zumacafe.fr\/index.php?rest_route=\/wp\/v2\/pages\/115","targetHints":{"allow":["GET"]}}],"collection":[{"href":"https:\/\/zumacafe.fr\/index.php?rest_route=\/wp\/v2\/pages"}],"about":[{"href":"https:\/\/zumacafe.fr\/index.php?rest_route=\/wp\/v2\/types\/page"}],"author":[{"embeddable":true,"href":"https:\/\/zumacafe.fr\/index.php?rest_route=\/wp\/v2\/users\/1"}],"replies":[{"embeddable":true,"href":"https:\/\/zumacafe.fr\/index.php?rest_route=%2Fwp%2Fv2%2Fcomments&post=115"}],"version-history":[{"count":10,"href":"https:\/\/zumacafe.fr\/index.php?rest_route=\/wp\/v2\/pages\/115\/revisions"}],"predecessor-version":[{"id":151,"href":"https:\/\/zumacafe.fr\/index.php?rest_route=\/wp\/v2\/pages\/115\/revisions\/151"}],"wp:attachment":[{"href":"https:\/\/zumacafe.fr\/index.php?rest_route=%2Fwp%2Fv2%2Fmedia&parent=115"}],"curies":[{"name":"wp","href":"https:\/\/api.w.org\/{rel}","templated":true}]}}